{"id":100755,"date":"2023-12-21T09:41:10","date_gmt":"2023-12-21T12:41:10","guid":{"rendered":"https:\/\/acuerdosalarpuntasnegras.cl\/?page_id=100755"},"modified":"2025-06-10T22:31:07","modified_gmt":"2025-06-11T01:31:07","slug":"demanda-de-reparacion-por-dano-ambiental","status":"publish","type":"page","link":"https:\/\/acuerdosalarpuntasnegras.cl\/index.php\/demanda-de-reparacion-por-dano-ambiental\/","title":{"rendered":"Demanda de Reparaci\u00f3n por Da\u00f1o Ambiental"},"content":{"rendered":"<p>[et_pb_section fb_built=\u00bb1&#8243; _builder_version=\u00bb4.23.1&#8243; _module_preset=\u00bbdefault\u00bb locked=\u00bboff\u00bb global_colors_info=\u00bb{}\u00bb][et_pb_row _builder_version=\u00bb4.24.2&#8243; _module_preset=\u00bbdefault\u00bb custom_padding=\u00bb6px||27px|||\u00bb global_colors_info=\u00bb{}\u00bb][et_pb_column type=\u00bb4_4&#8243; _builder_version=\u00bb4.24.2&#8243; _module_preset=\u00bbdefault\u00bb global_colors_info=\u00bb{}\u00bb][et_pb_image src=\u00bbhttps:\/\/acuerdosalarpuntasnegras.cl\/wp-content\/uploads\/2024\/03\/boton-conoce.png\u00bb title_text=\u00bbboton conoce\u00bb url=\u00bbhttps:\/\/www.portaljudicial1ta.cl\/sgc-web\/ver-causa.html?rol=D-6-2020&#8243; url_new_window=\u00bbon\u00bb align=\u00bbcenter\u00bb _builder_version=\u00bb4.24.2&#8243; _module_preset=\u00bbdefault\u00bb width=\u00bb50%\u00bb global_colors_info=\u00bb{}\u00bb][\/et_pb_image][\/et_pb_column][\/et_pb_row][et_pb_row column_structure=\u00bb1_2,1_2&#8243; make_equal=\u00bbon\u00bb _builder_version=\u00bb4.23.1&#8243; _module_preset=\u00bbdefault\u00bb global_colors_info=\u00bb{}\u00bb][et_pb_column type=\u00bb1_2&#8243; _builder_version=\u00bb4.23.1&#8243; _module_preset=\u00bbdefault\u00bb global_colors_info=\u00bb{}\u00bb][et_pb_text _builder_version=\u00bb4.23.2&#8243; _module_preset=\u00bbdefault\u00bb header_font=\u00bb|600|||||||\u00bb header_2_font=\u00bb|700|||||||\u00bb header_2_text_color=\u00bb#816255&#8243; custom_margin=\u00bb|-31px||||\u00bb global_colors_info=\u00bb{}\u00bb]<\/p>\n<h2><strong>Demanda de Reparaci\u00f3n por Da\u00f1o Ambiental<\/strong><\/h2>\n<p>[\/et_pb_text][et_pb_text _builder_version=\u00bb4.23.4&#8243; _module_preset=\u00bbdefault\u00bb text_line_height=\u00bb1.8em\u00bb text_orientation=\u00bbjustified\u00bb custom_margin=\u00bb||||false|false\u00bb global_colors_info=\u00bb{}\u00bb]<\/p>\n<p style=\"text-align: justify;\">El Acuerdo de Conciliaci\u00f3n Subsubcuenca Salar de Puntas Negras (SSC-SPN) es el resultado de un proceso de avenimiento llevado a cabo por el Primer Tribunal Ambiental de Antofagasta (IPTA), en el marco de una demanda por da\u00f1o ambiental en contra de Escondida | BHP, en abril de 2020 que interpuso el Consejo de Defensa del Estado.<\/p>\n<p style=\"text-align: justify;\">Esta demanda present\u00f3 como principales coadyuvantes (colaboradores o cooperadores) a la Comunidad Atacame\u00f1a de Peine y el Consejo de Pueblos Atacame\u00f1os, quienes fueron parte de la demanda ante el IPTA.<\/p>\n<p>[\/et_pb_text][et_pb_image src=\u00bbhttps:\/\/acuerdosalarpuntasnegras.cl\/wp-content\/uploads\/2024\/01\/SFW_Demanda-y-reparacion-02.jpeg\u00bb title_text=\u00bbSFW_Demanda-y-reparacion-02&#8243; _builder_version=\u00bb4.23.4&#8243; _module_preset=\u00bbdefault\u00bb custom_padding=\u00bb||||false|false\u00bb global_colors_info=\u00bb{}\u00bb][\/et_pb_image][\/et_pb_column][et_pb_column type=\u00bb1_2&#8243; _builder_version=\u00bb4.23.1&#8243; _module_preset=\u00bbdefault\u00bb global_colors_info=\u00bb{}\u00bb][et_pb_image src=\u00bbhttps:\/\/acuerdosalarpuntasnegras.cl\/wp-content\/uploads\/2024\/01\/SFW_Demanda-y-reparacion-01.jpeg\u00bb title_text=\u00bbSFW_Demanda-y-reparacion-01&#8243; show_bottom_space=\u00bboff\u00bb _builder_version=\u00bb4.23.4&#8243; _module_preset=\u00bbdefault\u00bb custom_padding=\u00bb63px||16px||false|false\u00bb global_colors_info=\u00bb{}\u00bb][\/et_pb_image][et_pb_text _builder_version=\u00bb4.23.4&#8243; _module_preset=\u00bbdefault\u00bb text_line_height=\u00bb1.8em\u00bb text_orientation=\u00bbjustified\u00bb custom_margin=\u00bb||-33px|||\u00bb global_colors_info=\u00bb{}\u00bb]<\/p>\n<p style=\"text-align: justify;\"><strong>Dentro de los principales cargos formulados se encuentran:<\/strong><\/p>\n<ul>\n<li>Disminuci\u00f3n severa de los niveles del acu\u00edfero del SPN, comprometiendo su regeneraci\u00f3n, con eliminaci\u00f3n de cuerpos de agua.<\/li>\n<li>Deterioro o menoscabo del componente suelo (sustrato salino).<\/li>\n<li>P\u00e9rdida total o parcial de las vegas o bofedales salinos y su vegetaci\u00f3n azonal h\u00eddrica asociada.<\/li>\n<li>P\u00e9rdida del ecosistema particular del SPN<\/li>\n<li>Modificaci\u00f3n o p\u00e9rdida de h\u00e1bitat, con perjuicio de la fauna caracter\u00edstica del SPN.<\/li>\n<li>P\u00e9rdida de servicios ecosist\u00e9micos.<\/li>\n<li>P\u00e9rdida de biodiversidad.<\/li>\n<\/ul>\n<p style=\"text-align: justify;\">[\/et_pb_text][\/et_pb_column][\/et_pb_row][et_pb_row _builder_version=\u00bb4.23.1&#8243; _module_preset=\u00bbdefault\u00bb custom_padding=\u00bb0px|||||\u00bb global_colors_info=\u00bb{}\u00bb][et_pb_column type=\u00bb4_4&#8243; _builder_version=\u00bb4.23.1&#8243; _module_preset=\u00bbdefault\u00bb global_colors_info=\u00bb{}\u00bb][et_pb_text _builder_version=\u00bb4.23.4&#8243; _module_preset=\u00bbdefault\u00bb text_line_height=\u00bb1.8em\u00bb text_orientation=\u00bbjustified\u00bb global_colors_info=\u00bb{}\u00bb]<\/p>\n<p style=\"text-align: justify;\"><span style=\"font-size: 17px;\">Es as\u00ed como se gener\u00f3 este Acuerdo, el que se firm\u00f3 en la localidad de San Pedro de Atacama en mayo de 2021, entre el Consejo de Defensa del Estado (CDE), la Comunidad Ind\u00edgena Atacame\u00f1a de Peine, la Asociaci\u00f3n Ind\u00edgena Consejo de Pueblos Atacame\u00f1os (CPA) y Escondida | BHP, que tiene por objetivo principal la ejecuci\u00f3n de medidas de gesti\u00f3n socioambiental de la Subsubcuenca del Salar de Puntas Negras, y que su ejecuci\u00f3n ser\u00e1 supervigilada por una Mesa de Gobernanza Socioambiental compuesta por integrantes de las cuatro organizaciones que conforman el Acuerdo.<\/span><\/p>\n<p>[\/et_pb_text][et_pb_text _builder_version=\u00bb4.23.4&#8243; _module_preset=\u00bbdefault\u00bb text_line_height=\u00bb1.8em\u00bb header_4_line_height=\u00bb1.8em\u00bb custom_margin=\u00bb||||false\u00bb custom_padding=\u00bb|15px||15px|false|true\u00bb border_width_right=\u00bb5px\u00bb border_color_right=\u00bb#816255&#8243; border_width_left=\u00bb5px\u00bb border_color_left=\u00bb#816255&#8243; global_colors_info=\u00bb{}\u00bb]<\/p>\n<h4 style=\"text-align: center;\"><em>En este contexto, Escondida |BHP se comprometi\u00f3 a financiar 19 medidas de gesti\u00f3n socioambiental, compensaci\u00f3n y reparaci\u00f3n ambiental, cada una con un objetivo espec\u00edfico, plazos y resultados esperados.<\/em><\/h4>\n<p>[\/et_pb_text][et_pb_text _builder_version=\u00bb4.23.4&#8243; _module_preset=\u00bbdefault\u00bb text_line_height=\u00bb1.8em\u00bb text_orientation=\u00bbjustified\u00bb global_colors_info=\u00bb{}\u00bb]<\/p>\n<p style=\"text-align: justify;\">Se defini\u00f3 un monto de USD $81.192.184 millones (de d\u00f3lares) para la ejecuci\u00f3n de las medidas, de acuerdo con est\u00e1ndares internacionales de conservaci\u00f3n del medio ambiente, cumpli\u00e9ndose, con ello, las exigencias del principio de indemnidad, seg\u00fan el art\u00edculo 44 de la Ley 20.600, cuyo dinero ser\u00e1 distribuido del modo m\u00e1s adecuado en las diferentes medidas, las que ser\u00e1n ejecutadas por entidades expertas en cada materia, con foco en el cumplimiento del Acuerdo.<\/p>\n<p style=\"text-align: justify;\">\n<p>[\/et_pb_text][\/et_pb_column][\/et_pb_row][\/et_pb_section]<\/p>\n","protected":false},"excerpt":{"rendered":"<p>Demanda de Reparaci\u00f3n por Da\u00f1o AmbientalEl Acuerdo de Conciliaci\u00f3n Subsubcuenca Salar de Puntas Negras (SSC-SPN) es el resultado de un proceso de avenimiento llevado a cabo por el Primer Tribunal Ambiental de Antofagasta (IPTA), en el marco de una demanda por da\u00f1o ambiental en contra de Escondida | BHP, en abril de 2020 que interpuso [&hellip;]<\/p>\n","protected":false},"author":1,"featured_media":0,"parent":0,"menu_order":0,"comment_status":"closed","ping_status":"closed","template":"","meta":{"_et_pb_use_builder":"on","_et_pb_old_content":"","_et_gb_content_width":"","footnotes":""},"class_list":["post-100755","page","type-page","status-publish","hentry"],"_links":{"self":[{"href":"https:\/\/acuerdosalarpuntasnegras.cl\/index.php\/wp-json\/wp\/v2\/pages\/100755","targetHints":{"allow":["GET"]}}],"collection":[{"href":"https:\/\/acuerdosalarpuntasnegras.cl\/index.php\/wp-json\/wp\/v2\/pages"}],"about":[{"href":"https:\/\/acuerdosalarpuntasnegras.cl\/index.php\/wp-json\/wp\/v2\/types\/page"}],"author":[{"embeddable":true,"href":"https:\/\/acuerdosalarpuntasnegras.cl\/index.php\/wp-json\/wp\/v2\/users\/1"}],"replies":[{"embeddable":true,"href":"https:\/\/acuerdosalarpuntasnegras.cl\/index.php\/wp-json\/wp\/v2\/comments?post=100755"}],"version-history":[{"count":5,"href":"https:\/\/acuerdosalarpuntasnegras.cl\/index.php\/wp-json\/wp\/v2\/pages\/100755\/revisions"}],"predecessor-version":[{"id":226248,"href":"https:\/\/acuerdosalarpuntasnegras.cl\/index.php\/wp-json\/wp\/v2\/pages\/100755\/revisions\/226248"}],"wp:attachment":[{"href":"https:\/\/acuerdosalarpuntasnegras.cl\/index.php\/wp-json\/wp\/v2\/media?parent=100755"}],"curies":[{"name":"wp","href":"https:\/\/api.w.org\/{rel}","templated":true}]}}